{"id":13,"date":"2025-03-04T14:49:00","date_gmt":"2025-03-04T14:49:00","guid":{"rendered":"https:\/\/chiara.guendisch.org\/index.php\/startseite\/"},"modified":"2025-03-20T16:09:40","modified_gmt":"2025-03-20T16:09:40","slug":"startseite","status":"publish","type":"page","link":"https:\/\/chiara.guendisch.org\/index.php\/startseite\/","title":{"rendered":"Startseite"},"content":{"rendered":"<section class=\"l-section wpb_row height_medium full_height valign_bottom with_img\"><div class=\"l-section-img\" role=\"img\" data-img-width=\"2560\" data-img-height=\"1289\" style=\"background-image: url(https:\/\/chiara.guendisch.org\/wp-content\/uploads\/2025\/03\/DSC02007-1-scaled.jpg);background-position: top center;\"><\/div><div class=\"l-section-h i-cf\"><div class=\"g-cols vc_row via_grid cols_1 laptops-cols_inherit tablets-cols_inherit mobiles-cols_1 valign_top type_default stacking_default\"><div class=\"wpb_column vc_column_container\"><div class=\"vc_column-inner\"><\/div><\/div><\/div><\/div><\/section><section class=\"l-section wpb_row height_medium\"><div class=\"l-section-h i-cf\"><div class=\"g-cols vc_row via_grid cols_1 laptops-cols_inherit tablets-cols_inherit mobiles-cols_1 valign_top type_default stacking_default\"><div class=\"wpb_column vc_column_container\"><div class=\"vc_column-inner\"><div class=\"w-separator size_small\"><\/div><div class=\"w-vwrapper us_custom_db98bc72 align_center valign_top\" style=\"--vwrapper-gap:0rem\"><div class=\"w-text us_custom_0259209c has_text_color\"><span class=\"w-text-h\"><span class=\"w-text-value\">Unsere Zahlen<\/span><\/span><\/div><div class=\"w-text us_custom_fc1dc638 has_text_color\"><span class=\"w-text-h\"><span class=\"w-text-value\">Sprechen f\u00fcr sich<\/span><\/span><\/div><\/div><\/div><\/div><\/div><\/div><\/section><section class=\"l-section wpb_row height_auto width_custom\" style=\"--site-content-width:880px;\"><div class=\"l-section-h i-cf\"><div class=\"g-cols vc_row via_grid cols_1 laptops-cols_inherit tablets-cols_inherit mobiles-cols_1 valign_top type_default stacking_default\"><div class=\"wpb_column vc_column_container\"><div class=\"vc_column-inner\"><div class=\"g-cols wpb_row via_grid cols_3 laptops-cols_inherit tablets-cols_inherit mobiles-cols_1 valign_top type_default stacking_default\" style=\"--columns-gap:3rem;\"><div class=\"wpb_column vc_column_container\"><div class=\"vc_column-inner\"><div class=\"w-counter us_custom_57f3da37 color_text align_center has_font_size\" data-duration=\"2\"><div class=\"w-counter-value\"><span class=\"w-counter-value-part type_text\" data-final=\"\"><\/span><span class=\"w-counter-value-part type_number\" data-final=\"99\">1<\/span><span class=\"w-counter-value-part type_text\" data-final=\"%\">%<\/span><\/div><h6 class=\"w-counter-title\" style=\"font-weight:700;margin-top:0.5em;\">Zufriedenheit<\/h6><\/div><\/div><\/div><div class=\"wpb_column vc_column_container\"><div class=\"vc_column-inner\"><div class=\"w-counter us_custom_57f3da37 color_text align_center has_font_size\" data-duration=\"2\"><div class=\"w-counter-value\"><span class=\"w-counter-value-part type_text\" data-final=\"\"><\/span><span class=\"w-counter-value-part type_number\" data-final=\"75\">0<\/span><span class=\"w-counter-value-part type_text\" data-final=\"K\">K<\/span><\/div><h6 class=\"w-counter-title\" style=\"font-weight:700;margin-top:0.5em;\">Kunden<\/h6><\/div><\/div><\/div><div class=\"wpb_column vc_column_container\"><div class=\"vc_column-inner\"><div class=\"w-counter us_custom_57f3da37 color_text align_center has_font_size\" data-duration=\"2\"><div class=\"w-counter-value\"><span class=\"w-counter-value-part type_text\" data-final=\"\"><\/span><span class=\"w-counter-value-part type_number\" data-final=\"125\">0<\/span><span class=\"w-counter-value-part type_text\" data-final=\"k+\">k<\/span><\/div><h6 class=\"w-counter-title\" style=\"font-weight:700;margin-top:0.5em;\">K\u00e4ufe<\/h6><\/div><\/div><\/div><\/div><div class=\"w-separator size_medium\"><\/div><div class=\"w-separator size_medium\"><\/div><\/div><\/div><\/div><\/div><\/section><section class=\"l-section wpb_row height_medium\"><div class=\"l-section-overlay\" style=\"background:var(--color-header-middle-bg)\"><\/div><div class=\"l-section-h i-cf\"><div class=\"g-cols vc_row via_grid cols_1 laptops-cols_inherit tablets-cols_inherit mobiles-cols_1 valign_top type_default stacking_default\"><div class=\"wpb_column vc_column_container\"><div class=\"vc_column-inner\"><div class=\"g-cols wpb_row via_grid cols_1 laptops-cols_inherit tablets-cols_inherit mobiles-cols_1 valign_top type_default stacking_default\" style=\"--columns-gap:3rem;\"><div class=\"wpb_column vc_column_container\"><div class=\"vc_column-inner\"><div class=\"w-hwrapper us_custom_b89b1163 has_text_color us_animate_this valign_middle align_center\" style=\"--hwrapper-gap:0.5rem\"><div class=\"w-iconbox iconpos_top style_default color_light align_center no_text no_title\"><div class=\"w-iconbox-icon\" style=\"font-size:1.5rem;\"><i class=\"fas fa-star\"><\/i><\/div><div class=\"w-iconbox-meta\"><\/div><\/div><div class=\"w-iconbox iconpos_top style_default color_light align_center no_text no_title\"><div class=\"w-iconbox-icon\" style=\"font-size:1.5rem;\"><i class=\"fas fa-star\"><\/i><\/div><div class=\"w-iconbox-meta\"><\/div><\/div><div class=\"w-iconbox iconpos_top style_default color_light align_center no_text no_title\"><div class=\"w-iconbox-icon\" style=\"font-size:1.5rem;\"><i class=\"fas fa-star\"><\/i><\/div><div class=\"w-iconbox-meta\"><\/div><\/div><div class=\"w-iconbox iconpos_top style_default color_light align_center no_text no_title\"><div class=\"w-iconbox-icon\" style=\"font-size:1.5rem;\"><i class=\"fas fa-star\"><\/i><\/div><div class=\"w-iconbox-meta\"><\/div><\/div><div class=\"w-iconbox iconpos_top style_default color_light align_center no_text no_title\"><div class=\"w-iconbox-icon\" style=\"font-size:1.5rem;\"><i class=\"fas fa-star\"><\/i><\/div><div class=\"w-iconbox-meta\"><\/div><\/div><div class=\"w-text\"><span class=\"w-text-h\"><span class=\"w-text-value\">4.89<\/span><\/span><\/div><\/div><\/div><\/div><\/div><div class=\"w-separator size_small\"><\/div><h2 class=\"w-text us_custom_28784076 has_text_color\"><span class=\"w-text-h\"><span class=\"w-text-value\">Unsere Bestseller<\/span><\/span><\/h2><div class=\"w-separator size_small\"><\/div><div class=\"w-content-carousel items_3\"><div class=\"owl-carousel valign_stretch dotstyle_circle navstyle_4 navpos_outside owl-responsive-2000 with_arrows\" style=\"--items-gap:30px;--transition-duration:350ms;--arrows-size:3rem;--arrows-offset:-43px;\" onclick=\"return {&quot;aria_labels&quot;:{&quot;prev&quot;:&quot;Zur\\u00fcck&quot;,&quot;next&quot;:&quot;Weiter&quot;},&quot;autoplayContinual&quot;:false,&quot;autoplayHoverPause&quot;:false,&quot;autoplayTimeout&quot;:3000,&quot;autoWidth&quot;:false,&quot;smartSpeed&quot;:350,&quot;margin&quot;:30,&quot;mouseDrag&quot;:true,&quot;rtl&quot;:false,&quot;slideBy&quot;:&quot;1&quot;,&quot;touchDrag&quot;:true,&quot;slideTransition&quot;:&quot;&quot;,&quot;responsive&quot;:{&quot;0&quot;:{&quot;autoHeight&quot;:false,&quot;autoplay&quot;:false,&quot;autoWidth&quot;:false,&quot;center&quot;:false,&quot;dots&quot;:false,&quot;items&quot;:1,&quot;loop&quot;:false,&quot;nav&quot;:false,&quot;stagePadding&quot;:0,&quot;slideBy&quot;:&quot;1&quot;},&quot;601&quot;:{&quot;autoHeight&quot;:false,&quot;autoplay&quot;:false,&quot;autoWidth&quot;:false,&quot;center&quot;:false,&quot;dots&quot;:false,&quot;items&quot;:3,&quot;loop&quot;:true,&quot;nav&quot;:true,&quot;stagePadding&quot;:0}}}\"><div class=\"w-image has_ratio align_none\"><a href=\"https:\/\/chiara.guendisch.org\/index.php\/produkt\/bodylotion\/\" aria-label=\"Bodylotion\" class=\"w-image-h\"><div style=\"padding-bottom:100%\"><\/div><img decoding=\"async\" width=\"1024\" height=\"1024\" src=\"https:\/\/chiara.guendisch.org\/wp-content\/uploads\/2025\/03\/Bodylotion-2-1024x1024.jpg\" class=\"attachment-large size-large\" alt=\"\" loading=\"lazy\" \/><\/a><\/div><div class=\"w-image has_ratio align_none\"><a href=\"https:\/\/chiara.guendisch.org\/index.php\/produkt\/augenbrauenoel\/\" aria-label=\"Augenbrauen\u00f6l\" class=\"w-image-h\"><div style=\"padding-bottom:100%\"><\/div><img decoding=\"async\" width=\"1366\" height=\"1366\" src=\"https:\/\/chiara.guendisch.org\/wp-content\/uploads\/2025\/03\/Augenbrauenoel-1.png\" class=\"attachment-full size-full\" alt=\"\" loading=\"lazy\" \/><\/a><\/div><div class=\"w-image has_ratio align_none\"><a href=\"https:\/\/chiara.guendisch.org\/index.php\/produkt\/anti-aging-creme\/\" aria-label=\"Anti-aging\" class=\"w-image-h\"><div style=\"padding-bottom:100%\"><\/div><img decoding=\"async\" width=\"1024\" height=\"1024\" src=\"https:\/\/chiara.guendisch.org\/wp-content\/uploads\/2025\/03\/Anti-aging-1-1024x1024.png\" class=\"attachment-large size-large\" alt=\"\" loading=\"lazy\" \/><\/a><\/div><div class=\"w-image align_none\"><div class=\"w-image-h\"><img decoding=\"async\" width=\"1024\" height=\"1024\" src=\"https:\/\/chiara.guendisch.org\/wp-content\/uploads\/2025\/03\/Haaroel-1-1024x1024.png\" class=\"attachment-large size-large\" alt=\"\" loading=\"lazy\" srcset=\"https:\/\/chiara.guendisch.org\/wp-content\/uploads\/2025\/03\/Haaroel-1-1024x1024.png 1024w, https:\/\/chiara.guendisch.org\/wp-content\/uploads\/2025\/03\/Haaroel-1-300x300.png 300w, https:\/\/chiara.guendisch.org\/wp-content\/uploads\/2025\/03\/Haaroel-1-150x150.png 150w, https:\/\/chiara.guendisch.org\/wp-content\/uploads\/2025\/03\/Haaroel-1-1320x1320.png 1320w, https:\/\/chiara.guendisch.org\/wp-content\/uploads\/2025\/03\/Haaroel-1-600x600.png 600w, https:\/\/chiara.guendisch.org\/wp-content\/uploads\/2025\/03\/Haaroel-1.png 1366w\" sizes=\"auto, (max-width: 1024px) 100vw, 1024px\" \/><\/div><\/div><div class=\"w-image align_none\"><a href=\"https:\/\/chiara.guendisch.org\/index.php\/produkt\/deo\/\" aria-label=\"Deo\" class=\"w-image-h\"><img decoding=\"async\" width=\"1024\" height=\"1024\" src=\"https:\/\/chiara.guendisch.org\/wp-content\/uploads\/2025\/03\/Deo-1024x1024.png\" class=\"attachment-large size-large\" alt=\"\" loading=\"lazy\" srcset=\"https:\/\/chiara.guendisch.org\/wp-content\/uploads\/2025\/03\/Deo-1024x1024.png 1024w, https:\/\/chiara.guendisch.org\/wp-content\/uploads\/2025\/03\/Deo-300x300.png 300w, https:\/\/chiara.guendisch.org\/wp-content\/uploads\/2025\/03\/Deo-150x150.png 150w, https:\/\/chiara.guendisch.org\/wp-content\/uploads\/2025\/03\/Deo-1320x1320.png 1320w, https:\/\/chiara.guendisch.org\/wp-content\/uploads\/2025\/03\/Deo-600x600.png 600w, https:\/\/chiara.guendisch.org\/wp-content\/uploads\/2025\/03\/Deo.png 1366w\" sizes=\"auto, (max-width: 1024px) 100vw, 1024px\" \/><\/a><\/div><div class=\"w-image align_none\"><a href=\"https:\/\/chiara.guendisch.org\/index.php\/produkt\/reinigungsgel\/\" aria-label=\"Reinigungsgel\" class=\"w-image-h\"><img decoding=\"async\" width=\"1024\" height=\"1024\" src=\"https:\/\/chiara.guendisch.org\/wp-content\/uploads\/2025\/03\/Reinigungsgel-1-1024x1024.png\" class=\"attachment-large size-large\" alt=\"\" loading=\"lazy\" srcset=\"https:\/\/chiara.guendisch.org\/wp-content\/uploads\/2025\/03\/Reinigungsgel-1-1024x1024.png 1024w, https:\/\/chiara.guendisch.org\/wp-content\/uploads\/2025\/03\/Reinigungsgel-1-300x300.png 300w, https:\/\/chiara.guendisch.org\/wp-content\/uploads\/2025\/03\/Reinigungsgel-1-150x150.png 150w, https:\/\/chiara.guendisch.org\/wp-content\/uploads\/2025\/03\/Reinigungsgel-1-1320x1320.png 1320w, https:\/\/chiara.guendisch.org\/wp-content\/uploads\/2025\/03\/Reinigungsgel-1-600x600.png 600w, https:\/\/chiara.guendisch.org\/wp-content\/uploads\/2025\/03\/Reinigungsgel-1.png 1366w\" sizes=\"auto, (max-width: 1024px) 100vw, 1024px\" \/><\/a><\/div><\/div><\/div><\/div><\/div><\/div><\/div><\/section><section class=\"l-section wpb_row us_custom_37385c61 height_auto with_img parallax_ver with_shape\"><div class=\"l-section-img\" role=\"img\" data-img-width=\"2560\" data-img-height=\"818\" style=\"background-image: url(https:\/\/chiara.guendisch.org\/wp-content\/uploads\/2025\/03\/Hintergrund-scaled.jpg);background-position: top center;background-repeat: no-repeat;\"><\/div><div class=\"l-section-shape type_custom pos_bottom hor_flip\" style=\"height:14vh;\"><svg xmlns=\"http:\/\/www.w3.org\/2000\/svg\" viewBox=\"0 0 64 8\" preserveAspectRatio=\"none\" width=\"100%\" height=\"100%\">\r\n\t<path fill=\"currentColor\" d=\"M64 8 L0 8 L0 0 L64 0 Z\"\/>\r\n<\/svg><\/div><div class=\"l-section-h i-cf\"><div class=\"g-cols vc_row via_grid cols_1 laptops-cols_inherit tablets-cols_inherit mobiles-cols_1 valign_middle type_default stacking_default\" style=\"--columns-gap:3.4rem;\"><div class=\"wpb_column vc_column_container\"><div class=\"vc_column-inner\"><div class=\"w-separator size_small\"><\/div><\/div><\/div><div class=\"wpb_column vc_column_container\"><div class=\"vc_column-inner\"><div class=\"w-separator size_small\"><\/div><\/div><\/div><\/div><\/div><\/section><section class=\"l-section wpb_row height_large color_footer-bottom\"><div class=\"l-section-h i-cf\"><div class=\"g-cols vc_row via_grid cols_1 laptops-cols_inherit tablets-cols_inherit mobiles-cols_1 valign_top type_default stacking_default\"><div class=\"wpb_column vc_column_container\"><div class=\"vc_column-inner\"><div class=\"wpb_text_column us_custom_eb849559\"><div class=\"wpb_wrapper\"><h2><span style=\"color: #142f4e;\">Mit Elkos setzt du auf eine Zukunft f\u00fcr alle.<\/span><\/h2>\n<\/div><\/div><div class=\"w-separator size_medium\"><\/div><div class=\"g-cols wpb_row via_grid cols_3 laptops-cols_2 tablets-cols_1 mobiles-cols_1 valign_top type_default stacking_default\" style=\"--columns-gap:1.5rem;\"><div class=\"wpb_column vc_column_container\"><div class=\"vc_column-inner\"><div class=\"w-flipbox animation_cardflip direction_w\"><div class=\"w-flipbox-h easing_easeInOutCirc\" style=\"transition-duration:0.5s;\"><div class=\"w-flipbox-hh\"><div class=\"w-flipbox-front us_custom_76c9f826\" style=\"background:var(--color-header-middle-text-hover);color:var(--color-header-middle-text);\"><div class=\"w-flipbox-front-h\"><div class=\"w-flipbox-front-icon style_default\" style=\"font-size:60px;\"><i class=\"fas fa-leaf\"><\/i><\/div><h3 class=\"w-flipbox-front-title\" style=\"font-size:1.5rem;\">Bio Produkte<\/h3><\/div><\/div><div class=\"w-flipbox-back us_custom_76c9f826\" style=\"display:none;background:var(--color-header-middle-text);color:var(--color-header-middle-bg);\"><div class=\"w-flipbox-back-h\"><div class=\"w-flipbox-back-desc\"><p>Unsere Produkte kommen ganz ohne k\u00fcnstliche Zus\u00e4tze aus, daf\u00fcr mit der Kraft der Natur.<\/p>\n<\/div><\/div><\/div><\/div><\/div><\/div><\/div><\/div><div class=\"wpb_column vc_column_container\"><div class=\"vc_column-inner\"><div class=\"w-flipbox animation_cardflip direction_w\"><div class=\"w-flipbox-h easing_ease\" style=\"transition-duration:0.5s;\"><div class=\"w-flipbox-hh\"><div class=\"w-flipbox-front us_custom_76c9f826\" style=\"background:var(--color-header-middle-text-hover);color:var(--color-header-middle-text);\"><div class=\"w-flipbox-front-h\"><div class=\"w-flipbox-front-icon style_default\" style=\"font-size:60px;\"><i class=\"fas fa-dog\"><\/i><\/div><h3 class=\"w-flipbox-front-title\" style=\"font-size:1.5rem;\">keine Tierversuche<\/h3><\/div><\/div><div class=\"w-flipbox-back us_custom_76c9f826\" style=\"display:none;background:var(--color-header-middle-text);color:var(--color-header-middle-bg);\"><div class=\"w-flipbox-back-h\"><div class=\"w-flipbox-back-desc\"><p>Unsere Kosmetik steht f\u00fcr Qualit\u00e4t \u2013 ganz ohne Tierversuche. Denn wahre Sch\u00f6nheit braucht keine Kompromisse.<\/p>\n<\/div><\/div><\/div><\/div><\/div><\/div><\/div><\/div><div class=\"wpb_column vc_column_container\"><div class=\"vc_column-inner\"><div class=\"w-flipbox animation_cardflip direction_w\"><div class=\"w-flipbox-h easing_ease\" style=\"transition-duration:0.5s;\"><div class=\"w-flipbox-hh\"><div class=\"w-flipbox-front us_custom_76c9f826\" style=\"background:var(--color-header-middle-text-hover);color:var(--color-header-middle-text);\"><div class=\"w-flipbox-front-h\"><div class=\"w-flipbox-front-icon style_default\" style=\"font-size:60px;\"><i class=\"fas fa-handshake\"><\/i><\/div><h3 class=\"w-flipbox-front-title\" style=\"font-size:1.5rem;\">Trade not Aid<\/h3><\/div><\/div><div class=\"w-flipbox-back us_custom_76c9f826\" style=\"display:none;background:var(--color-header-middle-text);color:var(--color-content-text);\"><div class=\"w-flipbox-back-h\"><div class=\"w-flipbox-back-desc\"><p>Mit Traid Not Aid setzt du auf fairen Handel und nachhaltige Produkte. Deine Kaufentscheidung unterst\u00fctzt Menschen in Entwicklungsl\u00e4ndern.<\/p>\n<\/div><\/div><\/div><\/div><\/div><\/div><\/div><\/div><\/div><\/div><\/div><\/div><\/div><\/section><section class=\"l-section wpb_row height_auto width_full color_secondary\"><div class=\"l-section-h i-cf\"><div class=\"g-cols vc_row via_grid cols_2 laptops-cols_inherit tablets-cols_inherit mobiles-cols_1 valign_middle type_boxes reversed stacking_default\" style=\"--columns-gap:0rem;\"><div class=\"wpb_column vc_column_container us_custom_ec957550 hide_on_mobiles has_bg_color\"><div class=\"vc_column-inner\"><\/div><\/div><div class=\"wpb_column vc_column_container us_custom_20092f57\"><div class=\"vc_column-overlay\" style=\"background:var(--color-header-middle-bg)\"><\/div><div class=\"vc_column-inner\"><div class=\"g-cols wpb_row via_grid cols_1 laptops-cols_inherit tablets-cols_inherit mobiles-cols_1 valign_top type_default stacking_default\" style=\"--columns-gap:3rem;\"><div class=\"wpb_column vc_column_container\"><div class=\"vc_column-inner\"><h2 class=\"w-text us_custom_5cd80a21 has_text_color\"><span class=\"w-text-h\"><span class=\"w-text-value\">DU BRAUCHST EINEN EXPERTEN?<\/span><\/span><\/h2><\/div><\/div><\/div><div class=\"w-separator size_small\"><\/div><div class=\"g-cols wpb_row via_grid cols_1 laptops-cols_inherit tablets-cols_inherit mobiles-cols_1 valign_top type_default stacking_default\" style=\"--columns-gap:3rem;\"><div class=\"wpb_column vc_column_container\"><div class=\"vc_column-inner\"><div class=\"wpb_text_column us_custom_451cc704 has_text_color\"><div class=\"wpb_wrapper\"><p style=\"text-align: left;\">Teste unsere Skin-Diagnose und finde in weniger als 5 Minuten heraus welche Produkte zu deiner Haut passen.<\/p>\n<\/div><\/div><\/div><\/div><\/div><div class=\"w-separator size_medium\"><\/div><div class=\"g-cols wpb_row via_grid cols_1 laptops-cols_inherit tablets-cols_inherit mobiles-cols_1 valign_top type_default stacking_default\" style=\"--columns-gap:3rem;\"><div class=\"wpb_column vc_column_container\"><div class=\"vc_column-inner\"><div class=\"w-btn-wrapper align_center\"><a class=\"w-btn us-btn-style_1\" href=\"https:\/\/chiara.guendisch.org\/index.php\/skin-diagnose\/\"><span class=\"w-btn-label\">Skin-Diagnose<\/span><\/a><\/div><\/div><\/div><\/div><\/div><\/div><\/div><\/div><\/section><section class=\"l-section wpb_row height_large\"><div class=\"l-section-h i-cf\"><div class=\"g-cols vc_row via_grid cols_1 laptops-cols_inherit tablets-cols_inherit mobiles-cols_1 valign_top type_default stacking_default\"><div class=\"wpb_column vc_column_container\"><div class=\"vc_column-inner\"><div class=\"wpb_text_column us_custom_69202eff\"><div class=\"wpb_wrapper\"><h2 class=\"w-text us_custom_62f46617\" style=\"text-align: center;\"><span class=\"w-text-h\"><span class=\"w-text-value\">Empfehlungen von unseren Experten<\/span><\/span><\/h2>\n<\/div><\/div><div class=\"w-separator size_large\"><\/div><div class=\"g-cols wpb_row via_grid cols_4 laptops-cols_3 tablets-cols_2 mobiles-cols_1 valign_top type_default stacking_default\" style=\"--columns-gap:1.3rem;\"><div class=\"wpb_column vc_column_container\"><div class=\"vc_column-inner\"><div class=\"w-person us_custom_1f257949 layout_trendy with_desc\" itemscope itemtype=\"https:\/\/schema.org\/Person\"><div class=\"w-person-image\"><a href=\"#\" class=\"w-person-link\" aria-label=\"Aaron\"><img loading=\"lazy\" decoding=\"async\" width=\"300\" height=\"300\" src=\"https:\/\/chiara.guendisch.org\/wp-content\/uploads\/2025\/03\/man-1690965_1280-300x300.jpg\" class=\"attachment-woocommerce_thumbnail size-woocommerce_thumbnail\" alt=\"\" itemprop=\"image\" srcset=\"https:\/\/chiara.guendisch.org\/wp-content\/uploads\/2025\/03\/man-1690965_1280-300x300.jpg 300w, https:\/\/chiara.guendisch.org\/wp-content\/uploads\/2025\/03\/man-1690965_1280-150x150.jpg 150w\" sizes=\"auto, (max-width: 300px) 100vw, 300px\" \/><div class=\"img_hover\" style=\"background-image:url(https:\/\/chiara.guendisch.org\/wp-content\/uploads\/2025\/03\/man-1690965_1280-300x300.jpg)\"><\/div><\/a><\/div><div class=\"w-person-content\"><h4 itemprop=\"name\" class=\"w-person-name\"><a href=\"#\" class=\"w-person-link\" aria-label=\"Aaron\"><span>Aaron<\/span><\/a><\/h4><\/div><div class=\"w-person-content-alt\"><a href=\"#\" class=\"w-person-link\" aria-label=\"Aaron\"><\/a><div class=\"w-person-description\" itemprop=\"description\"><p>Top Qualit\u00e4t, angenehmes Gef\u00fchl \u2013 genau das, was M\u00e4nner gesucht haben!<br \/>\nKlare Empfehlung!<\/p>\n<\/div><\/div><\/div><\/div><\/div><div class=\"wpb_column vc_column_container\"><div class=\"vc_column-inner\"><div class=\"w-person us_custom_1f257949 layout_trendy with_desc\" itemscope itemtype=\"https:\/\/schema.org\/Person\"><div class=\"w-person-image\"><img loading=\"lazy\" decoding=\"async\" width=\"300\" height=\"300\" src=\"https:\/\/chiara.guendisch.org\/wp-content\/uploads\/2025\/03\/beard-1845166_1280-300x300.jpg\" class=\"attachment-woocommerce_thumbnail size-woocommerce_thumbnail\" alt=\"\" itemprop=\"image\" srcset=\"https:\/\/chiara.guendisch.org\/wp-content\/uploads\/2025\/03\/beard-1845166_1280-300x300.jpg 300w, https:\/\/chiara.guendisch.org\/wp-content\/uploads\/2025\/03\/beard-1845166_1280-150x150.jpg 150w\" sizes=\"auto, (max-width: 300px) 100vw, 300px\" \/><\/div><div class=\"w-person-content\"><h4 itemprop=\"name\" class=\"w-person-name\"><span>Jake<\/span><\/h4><\/div><div class=\"w-person-content-alt\"><div class=\"w-person-description\" itemprop=\"description\"><p>Hochwertige Produkte, die halten, was sie versprechen \u2013 bin rundum zufrieden!<\/p>\n<\/div><\/div><\/div><\/div><\/div><div class=\"wpb_column vc_column_container\"><div class=\"vc_column-inner\"><div class=\"w-person us_custom_1f257949 layout_trendy with_desc\" itemscope itemtype=\"https:\/\/schema.org\/Person\"><div class=\"w-person-image\"><img loading=\"lazy\" decoding=\"async\" width=\"300\" height=\"300\" src=\"https:\/\/chiara.guendisch.org\/wp-content\/uploads\/2025\/03\/man-7428290_1280-300x300.jpg\" class=\"attachment-woocommerce_thumbnail size-woocommerce_thumbnail\" alt=\"\" itemprop=\"image\" srcset=\"https:\/\/chiara.guendisch.org\/wp-content\/uploads\/2025\/03\/man-7428290_1280-300x300.jpg 300w, https:\/\/chiara.guendisch.org\/wp-content\/uploads\/2025\/03\/man-7428290_1280-150x150.jpg 150w\" sizes=\"auto, (max-width: 300px) 100vw, 300px\" \/><div class=\"img_hover\" style=\"background-image:url(https:\/\/chiara.guendisch.org\/wp-content\/uploads\/2025\/03\/man-7428290_1280-300x300.jpg)\"><\/div><\/div><div class=\"w-person-content\"><h4 itemprop=\"name\" class=\"w-person-name\"><span>Kevin<\/span><\/h4><\/div><div class=\"w-person-content-alt\"><div class=\"w-person-description\" itemprop=\"description\"><p>Einfache Anwendung, starke Wirkung \u2013 kaufe ich definitiv wieder!<\/p>\n<\/div><\/div><\/div><\/div><\/div><div class=\"wpb_column vc_column_container\"><div class=\"vc_column-inner\"><div class=\"w-person us_custom_1f257949 layout_trendy with_desc\" itemscope itemtype=\"https:\/\/schema.org\/Person\"><div class=\"w-person-image\"><img loading=\"lazy\" decoding=\"async\" width=\"300\" height=\"300\" src=\"https:\/\/chiara.guendisch.org\/wp-content\/uploads\/2025\/03\/person-804816_1280-300x300.jpg\" class=\"attachment-woocommerce_thumbnail size-woocommerce_thumbnail\" alt=\"\" itemprop=\"image\" srcset=\"https:\/\/chiara.guendisch.org\/wp-content\/uploads\/2025\/03\/person-804816_1280-300x300.jpg 300w, https:\/\/chiara.guendisch.org\/wp-content\/uploads\/2025\/03\/person-804816_1280-150x150.jpg 150w\" sizes=\"auto, (max-width: 300px) 100vw, 300px\" \/><div class=\"img_hover\" style=\"background-image:url(https:\/\/chiara.guendisch.org\/wp-content\/uploads\/2025\/03\/person-804816_1280-300x300.jpg)\"><\/div><\/div><div class=\"w-person-content\"><h4 itemprop=\"name\" class=\"w-person-name\"><span>Sven<\/span><\/h4><\/div><div class=\"w-person-content-alt\"><div class=\"w-person-description\" itemprop=\"description\"><p>M\u00e4nnerpflege ohne Kompromisse \u2013 \u00fcberzeugt von der ersten Anwendung an!<\/p>\n<\/div><\/div><\/div><\/div><\/div><\/div><\/div><\/div><\/div><\/div><\/section>\n","protected":false},"excerpt":{"rendered":"Unsere ZahlenSprechen f\u00fcr sich1%Zufriedenheit0KKunden0kK\u00e4ufe4.89Unsere Bestseller Mit Elkos setzt du auf eine Zukunft f\u00fcr alle. Bio ProdukteUnsere Produkte kommen ganz ohne k\u00fcnstliche Zus\u00e4tze aus, daf\u00fcr mit der Kraft der Natur. keine TierversucheUnsere Kosmetik steht f\u00fcr Qualit\u00e4t \u2013 ganz ohne Tierversuche. Denn wahre Sch\u00f6nheit braucht keine Kompromisse. Trade not AidMit Traid Not Aid setzt du auf fairen...","protected":false},"author":1,"featured_media":0,"parent":0,"menu_order":0,"comment_status":"closed","ping_status":"closed","template":"","meta":{"footnotes":""},"class_list":["post-13","page","type-page","status-publish","hentry"],"jetpack_sharing_enabled":true,"_links":{"self":[{"href":"https:\/\/chiara.guendisch.org\/index.php\/wp-json\/wp\/v2\/pages\/13","targetHints":{"allow":["GET"]}}],"collection":[{"href":"https:\/\/chiara.guendisch.org\/index.php\/wp-json\/wp\/v2\/pages"}],"about":[{"href":"https:\/\/chiara.guendisch.org\/index.php\/wp-json\/wp\/v2\/types\/page"}],"author":[{"embeddable":true,"href":"https:\/\/chiara.guendisch.org\/index.php\/wp-json\/wp\/v2\/users\/1"}],"replies":[{"embeddable":true,"href":"https:\/\/chiara.guendisch.org\/index.php\/wp-json\/wp\/v2\/comments?post=13"}],"version-history":[{"count":69,"href":"https:\/\/chiara.guendisch.org\/index.php\/wp-json\/wp\/v2\/pages\/13\/revisions"}],"predecessor-version":[{"id":320,"href":"https:\/\/chiara.guendisch.org\/index.php\/wp-json\/wp\/v2\/pages\/13\/revisions\/320"}],"wp:attachment":[{"href":"https:\/\/chiara.guendisch.org\/index.php\/wp-json\/wp\/v2\/media?parent=13"}],"curies":[{"name":"wp","href":"https:\/\/api.w.org\/{rel}","templated":true}]}}