{"id":161,"date":"2025-03-06T15:09:11","date_gmt":"2025-03-06T15:09:11","guid":{"rendered":"https:\/\/chiara.guendisch.org\/?page_id=161"},"modified":"2025-03-07T12:35:49","modified_gmt":"2025-03-07T12:35:49","slug":"blog","status":"publish","type":"page","link":"https:\/\/chiara.guendisch.org\/index.php\/blog\/","title":{"rendered":"Blog"},"content":{"rendered":"<section class=\"l-section wpb_row height_medium\"><div class=\"l-section-h i-cf\"><div class=\"g-cols vc_row via_grid cols_1 laptops-cols_inherit tablets-cols_inherit mobiles-cols_1 valign_top type_default stacking_default\"><div class=\"wpb_column vc_column_container\"><div class=\"vc_column-inner\"><h1 class=\"w-text\"><span class=\"w-text-h\"><span class=\"w-text-value\">Unser Blog<\/span><\/span><\/h1><div class=\"w-separator size_medium\"><\/div><div class=\"w-grid type_grid layout_blog_1 cols_3\" id=\"us_grid_1\" style=\"--columns:3;--gap:1.3rem;\" data-filterable=\"true\"><style>@media (max-width:1024px){#us_grid_1{--columns:2!important}}@media (max-width:600px){#us_grid_1{--columns:1!important}}.layout_blog_1 .w-grid-item-h{}.layout_blog_1 .usg_post_image_1{margin-bottom:0.5rem!important}.layout_blog_1 .usg_post_title_1{font-size:1rem!important}<\/style><div class=\"w-grid-list\">\t<article class=\"w-grid-item size_1x1 post-199 post type-post status-publish format-standard has-post-thumbnail hentry category-produkte tag-anti-aging tag-jung\" data-id=\"199\">\r\n\t\t<div class=\"w-grid-item-h\">\r\n\t\t\t\t\t\t<div class=\"w-post-elm post_image usg_post_image_1 stretched\"><a href=\"https:\/\/chiara.guendisch.org\/index.php\/2025\/03\/07\/anti-aging\/\" aria-label=\"Jung und gepflegt: Warum Anti-Aging-Creme f\u00fcr M\u00e4nner sinnvoll ist\"><img loading=\"lazy\" decoding=\"async\" width=\"1024\" height=\"683\" src=\"https:\/\/chiara.guendisch.org\/wp-content\/uploads\/2025\/03\/a_DSC02269-1024x683.jpg\" class=\"attachment-large size-large wp-post-image\" alt=\"\" srcset=\"https:\/\/chiara.guendisch.org\/wp-content\/uploads\/2025\/03\/a_DSC02269-1024x683.jpg 1024w, https:\/\/chiara.guendisch.org\/wp-content\/uploads\/2025\/03\/a_DSC02269-300x200.jpg 300w, https:\/\/chiara.guendisch.org\/wp-content\/uploads\/2025\/03\/a_DSC02269-1320x880.jpg 1320w, https:\/\/chiara.guendisch.org\/wp-content\/uploads\/2025\/03\/a_DSC02269-600x400.jpg 600w\" sizes=\"auto, (max-width: 1024px) 100vw, 1024px\" \/><\/a><\/div><h2 class=\"w-post-elm post_title usg_post_title_1 entry-title color_link_inherit\"><a href=\"https:\/\/chiara.guendisch.org\/index.php\/2025\/03\/07\/anti-aging\/\">Jung und gepflegt: Warum Anti-Aging-Creme f\u00fcr M\u00e4nner sinnvoll ist<\/a><\/h2>\t\t<\/div>\r\n\t\t\t<\/article>\r\n\t<article class=\"w-grid-item size_1x1 post-193 post type-post status-publish format-standard has-post-thumbnail hentry category-produkte tag-duschgel tag-frisch\" data-id=\"193\">\r\n\t\t<div class=\"w-grid-item-h\">\r\n\t\t\t\t\t\t<div class=\"w-post-elm post_image usg_post_image_1 stretched\"><a href=\"https:\/\/chiara.guendisch.org\/index.php\/2025\/03\/07\/frischekick-duschgel\/\" aria-label=\"Frischekick f\u00fcr den Tag: Das perfekte Duschgel f\u00fcr M\u00e4nner\"><img loading=\"lazy\" decoding=\"async\" width=\"1024\" height=\"531\" src=\"https:\/\/chiara.guendisch.org\/wp-content\/uploads\/2025\/03\/a_DSC01526-1-scaled-e1741346211570-1024x531.jpg\" class=\"attachment-large size-large wp-post-image\" alt=\"\" srcset=\"https:\/\/chiara.guendisch.org\/wp-content\/uploads\/2025\/03\/a_DSC01526-1-scaled-e1741346211570-1024x531.jpg 1024w, https:\/\/chiara.guendisch.org\/wp-content\/uploads\/2025\/03\/a_DSC01526-1-scaled-e1741346211570-300x156.jpg 300w, https:\/\/chiara.guendisch.org\/wp-content\/uploads\/2025\/03\/a_DSC01526-1-scaled-e1741346211570-1320x684.jpg 1320w, https:\/\/chiara.guendisch.org\/wp-content\/uploads\/2025\/03\/a_DSC01526-1-scaled-e1741346211570-600x311.jpg 600w\" sizes=\"auto, (max-width: 1024px) 100vw, 1024px\" \/><\/a><\/div><h2 class=\"w-post-elm post_title usg_post_title_1 entry-title color_link_inherit\"><a href=\"https:\/\/chiara.guendisch.org\/index.php\/2025\/03\/07\/frischekick-duschgel\/\">Frischekick f\u00fcr den Tag: Das perfekte Duschgel f\u00fcr M\u00e4nner<\/a><\/h2>\t\t<\/div>\r\n\t\t\t<\/article>\r\n\t<article class=\"w-grid-item size_1x1 custom-link post-1 post type-post status-publish format-standard has-post-thumbnail hentry category-produkte category-reisen tag-fluessigkeiten-limit tag-reisen\" data-id=\"1\">\r\n\t\t<div class=\"w-grid-item-h\">\r\n\t\t\t\t\t\t\t<a href=\"https:\/\/chiara.guendisch.org\/index.php\/2025\/03\/05\/fluessigkeiten-limit\/\" aria-label=\"Fl\u00fcssigkeiten-Limit im Handgep\u00e4ck? Kein Problem!\"><\/a>\r\n\t\t\t\t\t\t<div class=\"w-post-elm post_image usg_post_image_1 stretched\"><a href=\"https:\/\/chiara.guendisch.org\/index.php\/2025\/03\/05\/fluessigkeiten-limit\/\" aria-label=\"Fl\u00fcssigkeiten-Limit im Handgep\u00e4ck? Kein Problem!\"><img loading=\"lazy\" decoding=\"async\" width=\"1024\" height=\"577\" src=\"https:\/\/chiara.guendisch.org\/wp-content\/uploads\/2025\/03\/a_DSC02081-scaled-e1741343463375-1024x577.jpg\" class=\"attachment-large size-large wp-post-image\" alt=\"\" srcset=\"https:\/\/chiara.guendisch.org\/wp-content\/uploads\/2025\/03\/a_DSC02081-scaled-e1741343463375-1024x577.jpg 1024w, https:\/\/chiara.guendisch.org\/wp-content\/uploads\/2025\/03\/a_DSC02081-scaled-e1741343463375-300x169.jpg 300w, https:\/\/chiara.guendisch.org\/wp-content\/uploads\/2025\/03\/a_DSC02081-scaled-e1741343463375-1320x744.jpg 1320w, https:\/\/chiara.guendisch.org\/wp-content\/uploads\/2025\/03\/a_DSC02081-scaled-e1741343463375-600x338.jpg 600w\" sizes=\"auto, (max-width: 1024px) 100vw, 1024px\" \/><\/a><\/div><h2 class=\"w-post-elm post_title usg_post_title_1 entry-title color_link_inherit\"><a href=\"https:\/\/chiara.guendisch.org\/index.php\/2025\/03\/05\/fluessigkeiten-limit\/\">Fl\u00fcssigkeiten-Limit im Handgep\u00e4ck? Kein Problem!<\/a><\/h2>\t\t<\/div>\r\n\t\t\t<\/article>\r\n<\/div><div class=\"w-grid-preloader\">\t<div class=\"g-preloader type_1\">\r\n\t\t<div><\/div>\r\n\t<\/div>\r\n\t<\/div>\t<div class=\"w-grid-json hidden\" onclick='return {&quot;action&quot;:&quot;us_ajax_grid&quot;,&quot;infinite_scroll&quot;:0,&quot;max_num_pages&quot;:1,&quot;pagination&quot;:&quot;none&quot;,&quot;template_vars&quot;:{&quot;columns&quot;:&quot;3&quot;,&quot;exclude_items&quot;:&quot;none&quot;,&quot;img_size&quot;:&quot;default&quot;,&quot;ignore_items_size&quot;:0,&quot;items_layout&quot;:&quot;blog_1&quot;,&quot;items_offset&quot;:&quot;1&quot;,&quot;load_animation&quot;:&quot;none&quot;,&quot;overriding_link&quot;:&quot;{\\&quot;url\\&quot;:\\&quot;\\&quot;}&quot;,&quot;post_id&quot;:0,&quot;query_args&quot;:{&quot;post_type&quot;:[&quot;post&quot;],&quot;post_status&quot;:[&quot;publish&quot;],&quot;posts_per_page&quot;:&quot;10&quot;},&quot;orderby_query_args&quot;:{&quot;orderby&quot;:{&quot;date&quot;:&quot;DESC&quot;}},&quot;type&quot;:&quot;grid&quot;,&quot;us_grid_post_type&quot;:&quot;post&quot;,&quot;us_grid_ajax_index&quot;:1,&quot;us_grid_filter_query_string&quot;:null,&quot;us_grid_index&quot;:1,&quot;page_args&quot;:[]}}'><\/div>\r\n\t<\/div><div class=\"w-separator size_medium\"><\/div><div class=\"w-popup w-btn-wrapper align_center\"><button aria-label=\"\u00e4ltere Artikel\" class=\"w-popup-trigger type_btn w-btn us-btn-style_1\"><span class=\"w-btn-label\">\u00e4ltere Artikel<\/span><\/button><div class=\"w-popup-overlay\" style=\"background:rgba(161,181,186,0.45);\"><\/div><div class=\"w-popup-wrap layout_default\" style=\"--title-color:var(--color-header-middle-text);--title-bg-color:var(--color-header-middle-text-hover);--content-color:var(--color-content-text);--content-bg-color:var(--color-content-bg);--popup-width:600px;--popup-padding:5%;\"><div class=\"w-popup-box animation_fadeIn closerpos_outside with_title\"><div class=\"w-popup-box-h\"><div class=\"w-popup-box-title\">\u00e4ltere Artikel<\/div><div class=\"w-popup-box-content\"><p>keine weiteren Artikel verf\u00fcgbar<\/p>\n<\/div><\/div><\/div><div class=\"w-popup-closer\"><\/div><\/div><\/div><\/div><\/div><\/div><\/div><\/section>\n","protected":false},"excerpt":{"rendered":"Fl\u00fcssigkeiten-Limit im Handgep\u00e4ck? Kein Problem! Feste Pflegeprodukte sind\u00a0nicht nur praktisch, sondern auch ergiebiger und nachhaltiger. Reise-Balm f\u00fcrs Gesicht: Die perfekte Pflege f\u00fcr unterwegs Reisen kann die Haut ganz sch\u00f6n strapazieren \u2013 trockene Flugzeugluft, wechselnde Klimazonen oder intensive Sonneneinstrahlung setzen ihr zu. Genau hier kommt ein Reise-Balm als Gesichtscreme ins Spiel: Er ist kompakt, auslaufsicher und...","protected":false},"author":1,"featured_media":0,"parent":0,"menu_order":0,"comment_status":"closed","ping_status":"closed","template":"","meta":{"footnotes":""},"class_list":["post-161","page","type-page","status-publish","hentry"],"jetpack_sharing_enabled":true,"_links":{"self":[{"href":"https:\/\/chiara.guendisch.org\/index.php\/wp-json\/wp\/v2\/pages\/161","targetHints":{"allow":["GET"]}}],"collection":[{"href":"https:\/\/chiara.guendisch.org\/index.php\/wp-json\/wp\/v2\/pages"}],"about":[{"href":"https:\/\/chiara.guendisch.org\/index.php\/wp-json\/wp\/v2\/types\/page"}],"author":[{"embeddable":true,"href":"https:\/\/chiara.guendisch.org\/index.php\/wp-json\/wp\/v2\/users\/1"}],"replies":[{"embeddable":true,"href":"https:\/\/chiara.guendisch.org\/index.php\/wp-json\/wp\/v2\/comments?post=161"}],"version-history":[{"count":18,"href":"https:\/\/chiara.guendisch.org\/index.php\/wp-json\/wp\/v2\/pages\/161\/revisions"}],"predecessor-version":[{"id":222,"href":"https:\/\/chiara.guendisch.org\/index.php\/wp-json\/wp\/v2\/pages\/161\/revisions\/222"}],"wp:attachment":[{"href":"https:\/\/chiara.guendisch.org\/index.php\/wp-json\/wp\/v2\/media?parent=161"}],"curies":[{"name":"wp","href":"https:\/\/api.w.org\/{rel}","templated":true}]}}